culate -7 + 10 + -11 + -5 - -10.
-3
Calculate (-9 + -2 - -7 - -14) + -1.
9
What is the value of (1 - (-13 - 1) - (-387 + 391)) + -10?
1
1 + (7 - 2) - (102 - 113)
17
(35 - -2) + (-115 - -65 - -48)
35
What is the value of 100 + -78 - (27 + -23)?
18
Calculate -7 + 13 + (-19 - -8) + 1 + 8 + -6.
-2
What is (-118 - (49 - 65)) + (-13 - -31)?
-84
What is (-76 - -116) + (-13 - 0)?
27
Evaluate 58 - 1 - ((52 - 22) + -15).
42
Calculate (-4 - 17) + -1 + -104 + 154.
28
What is 2 + -1 + (-32 + 3 - (-15 - (-21 - -6)))?
-28
Evaluate -50 + (5 - -38 - 75).
-82
What is 7 + 1 + -32 - (26 + -12 - 6) - -1?
-31
What is the value of (-235 - -138) + (1 - -41) + -35?
-90
Calculate (34 - (43 + -18) - 6) + 26.
29
What is the value of (-4 - 25) + -9 + 8 + 3?
-27
What is -3 - 43 - (33 - 49)?
-30
Evaluate 9 - (-7 - 8) - 4.
20
0 + (1 + -7 - (-150 - -149)) + -29
-34
-52 + 103 - (90 + -21)
-18
What is the value of 3 - (-14 + -14 + 53) - (44 - 2)?
-64
21 - (11 + (-16 - -30)) - (43 - 1)
-46
Evaluate 133 + -143 - (-31 - 0) - -17.
38
What is the value of 1 + (57 - (2 - 4)) + 24173 + -24154?
79
What is (-109 - -138) + (4 - 27) - -17?
23
Evaluate (16 - (-5 + 3 + -8)) + (-2 - -11).
35
What is -9 + (69 + -37 - 6) - (-1 + -69)?
87
What is (-1 - -10) + (-11 - (18 + 11 + -9))?
-22
What is (-89 - (-22 - 127)) + -145?
-85
20 + ((15 + 83 - 17) + -13 - 17)
71
What is 98 - 46 - 57 - -88?
83
-4 + (21 - 60 - -3) + -15
-55
-13 - 38 - (0 - -4 - (133 - 130))
-52
What is the value of -86 + 85 + 50 - 37?
12
Evaluate -29 + (21 - -18) - -2.
12
What is -24 - (15 + -41 + 23 - 39)?
18
What is -1426 - -1413 - (4 - 1 - 23)?
7
What is the value of -13 + (-17 - -6 - (-36 + 22) - -61)?
51
Evaluate (-114 - (-216 + 161)) + (-4 + -1 - (-2 + 2)).
-64
Calculate (84 - 1) + (21 - 34 - -26).
96
Calculate -39 + 177 + (-52 - -43) + -22.
107
What is 5 - -49 - (408 - 393)?
39
What is the value of 9 + (-9 - (-46 - (12 - (9 + 11)))) + 8?
46
Calculate 38 + 36 + -32 - -15 - (4 + -1).
54
What is the value of (-18 - (2 - 21)) + 5 + -4?
2
Calculate 7 - 45 - 8 - (4 + (4 + -22 - -7)).
-39
What is the value of 132 + (-62 - (32 + -17))?
55
What is 47 + -63 + (5 - -9)?
-2
Evaluate -16 + -1 + -376 + 484 - (-19 + 7).
103
(-67 - -2 - -18 - 8) + 16
-39
Calculate (30 + 3 - 2) + (-4 - 5) + -7.
15
What is the value of 31 - (1 + 13) - (1 - -33)?
-17
Evaluate (-25 + 31 - (-1 - 1)) + -18 + (-4 - 25).
-39
What is the value of -9 + (1245 - 1235) + (0 - (-2 + 0))?
3
What is -9 + 1 + (-11 - -1 - (-4 - 10)) + 68?
64
What is 47 - -61 - 225 - -11?
-106
What is -109 + (24 - (-56 - (-61 + 19)))?
-71
2 + (-4 - -4) + -80 + (38 - 19)
-59
What is (-12 - (0 + -1) - (174 - 223)) + 7?
45
Evaluate (1 - (5 + 40)) + -3 + 5 + (-4 - -4).
-42
Evaluate (9 - 3) + (-39 - (-19 + 14)) - 9.
-37
Evaluate (-98 - -66) + -23 + 2 + -18 - 8.
-79
What is (-26 - (-8 + (5 - 13)) - 1) + -6?
-17
What is (-4 + 8 - 6 - -56) + -3?
51
Calculate (37 - (71 - (-2 + 31))) + 37.
32
-25 - (9 + -45) - (0 + (-4 - -4))
11
Evaluate 23 - (10 + (22 - 34 - -19)).
6
Evaluate -50 + -3 - -4 - (18 + (-32 - 1)).
-34
Evaluate (16 + 6 - -8 - 12) + (-61 - 27).
-70
(68 - 62) + (0 - 14) - (3 - -1)
-12
What is the value of (327 - 320 - (17 + 0)) + (0 - -50) - -1?
41
((16 - 1) + -12 - (-37 + 1)) + (-77 - -71)
33
What is the value of (-14 - 5) + (-244 - -299)?
36
Calculate 72 + (1 - 0) + (-113 - -224 - 96).
88
Evaluate 4 + -13 + -46 + 11 + -4 + 1.
-47
What is 78 + 41 + -202 - -76?
-7
Evaluate -33 + (-3 + -8 + 4 - (26 - 40)).
-26
-20 - ((-78 - -82) + (10 - 2) - -33)
-65
Evaluate (-6 - -58 - 8) + (4 - -1) - (-31 - -27).
53
What is (-263 + 270 - ((1 - 7) + 1)) + 2 + 30?
44
What is 20 - (-29 - (-54 + 3) - -10)?
-12
Evaluate -16 + -3 + -63 + 42 + 57.
17
What is the value of 2 - (43 + -69) - (1 - (-14 - 1))?
12
What is -11 - ((41 - 46) + 129 - 18)?
-117
-8 - 16 - (36 + -29 + 66)
-97
Evaluate 68 + 39 + (10 + 22 - 51).
88
What is the value of (-36 - (2 + -3)) + (417 - 426)?
-44
Calculate -47 + (-1 - (33 - 32) - (2 + -3)).
-48
Calculate 21 + (-3 + (7 - 6) - (21 + -28)).
26
What is -1 + -16 - ((-19 + 10 - -1) + 18)?
-27
What is the value of -1 + 12 + -6 - -1 - (-12 + 18)?
0
Calculate -230 + -77 + 302 + -1 + (-99 - -2 - -3).
-100
Calculate (-5 - -4) + -6 + (-48 - (-24 + -89)).
58
Evaluate 17 + 9 + 35 + (-22 - 9).
30
14 + (-9 - (10 - -75)) + (15 - 11)
-76
Evaluate -3 + 7 - (-19 - -37 - 19) - -52.
57
What is -25 + (-47 - -35) + -48 + -31?
-116
What is 874 - 928 - ((3 - (-1 - 4)) + -4)?
-58
Evaluate (10 - ((109 - 3) + -4)) + (-1 - -13) + 2.
-78
46 + (-4 - -27 - ((-9 - 5) + 20))
63
Calculate (-8 - (-17 + 1 + 16)) + -5 + 1 + -83.
-95
Calculate 23 - (23 + 13 + -49).
36
What is -3 - 1 - (-13 + 2 + (203 - 201) - -137)?
-132
What is -61 - (-4 + (-34 - 12)) - (-19 + 0)?
8
Evaluate (159 - 249) + -1 + 16 + -2.
-77
What is the value of -6 - ((10 - (12 - -8)) + -30)?
34
What is the value of (15 - -87) + -56 - 149?
-103
What is the value of -17 + (-5 - -44) - (53 - -21)?
-52
Evaluate (22 - (0 + -2 + (120 - 110))) + -75 + -17.
-78
Calculate 66 - (37 - -7 - 37).
59
What is -6 - (7 + -14) - (-5 + 5 - -66)?
-65
What is the value of -18 + -5 - (9 + -3 + -6 - 6)?
-17
-143 + 153 + -1 + -6 + 5 + (23 - 2)
29
Calculate (572 - 618) + (19 - -3).
-24
Calculate (37 - 42 - (9 - 12)) + (-1 + -2 - -111).
106
-7 - (-52 + -4 + 7 + 24)
18
What is 180 + -120 + (-1 - ((-10 - -4) + 5))?
60
What is the value of 30 + (-203 - -67 - 9) - (-21 - 1)?
-93
Calculate 998 + -937 - (60 - 7).
8
Evaluate -58 + 56 + (-29 - 13).
-44
(-42 + -48 - -4) + 44
-42
Evaluate -10 - (-150 - -19) - (29 + -51).
143
What is 65 + 29 + 27 - 51?
70
Evaluate 836 + -788 + (-1 - (-4 - -2) - -14).
63
What is the value of 25 - (-26 - (-20 + 13))?
44
What is -69 - 9 - (-1311 - -1178)?
55
(13 - -10) + 5 + -3 + 7 + (-68 - -70)
34
-49 + (-86 - -68) + 14
-53
Evaluate -109 + -18 + -69 + 91.
-105
What is 4 + (26 + -16 - -18)?
32
What is the value of 40 + -40 - (1 + -19 + (-2 - 2))?
22
Calculate 104 + -83 - (0 - -8 - (-17 + 18)).
14
Calculate 12 + -22 + 11 + 29.
30
Evaluate -20 + 5 + -4 + 18 + (5 - 13) - -60.
51
Calculate -35 - (-21 + 10) - -8 - -84.
68
Calculate -75 + (9 - -67) + 48 + -6.
43
-6 + (17 - 14) + 25 - 36
-14
Evaluate -112 + 0 - (95 + -40 - 70) - 0.
-97
38 + (38 + -20 - (27 + 2))
27
Evaluate -19 + (17 - 48) + (30 - 71).
-91
What is -3 - (51 - (13 - -39) - (-88 + 1))?
-89
Calculate 6 + -8 + 5 - (45 + -51 - -111).
-102
Evaluate (425 - 171 - 234) + (1 - -36).
57
Calculate (33 - (11 + -20 + 31)) + -10.
1
What is the value of -2 + 12 + -45 + 41?
6
Evaluate 2 - 10 - (-20 + (-27 - -35)).
4
What is -4 - -4 - (6 - 10) - 7 - (-58 - -50)?
5
What is 75 + 4 + (23 - 5)?
97
-47 + (0 + -10 - (-35 - (35 - 50)))
-37
What is 2 + -3 + 51 - (-302 - -302)?
50
Evaluate 37 + (-39 - 3) + -7.
-12
What is -6 + 24 + 18 - (1 - -8) - 10?
17
What is the value of 25 + (-95 - -52) + 1 + 78?
61
What is the value of (-13 - (7 - 10)) + -4 + (2 - (3 - 8))?
-7
Calculate (7 - (0 - (67 + (-2 - (-8 - -9))))) + -10.
61
Calculate (11 - ((3 - 1) + 0)) + (-33 + 22 - 58).
-60
What is the value of -33 - ((-314 - -46) + 133)?
102
What is the value of (5 - -2) + -55 + -15?
-63
Calculate -189 - (-73 - 19) - -174.
77
Evaluate -2 + (-13 - -5) + -24 + 34 - -50.
50
What is the value of -9 + 7 + -2 + 408 + -412?
-8
What is the value of 42 - (27 + 31 - 29)?
13
35 + -4 - 51 - -39
19
(17 - (4 - (4 + -3))) + (32 - 95) + 9
-40
What is the value of 1 + 2 + -9 + (-118 - -87)?
-37
Evaluate 41 - 65 - -32 - 51.
-43
Calculate -27 - ((25 - (22 - 4)) + -6).
-28
What is the value of 109 - 3 - (42 + 2 - 49 - -28)?
83
Calculate (24 - -27) + -61 + -12 + (-1 - 1).
-24
Evaluate -42 - (23 + 30 - 40).
-55
What is (932 - 879) + 1 + -93?
-39
Evaluate 29 + (44 - 25) + -26.
22
What is the value of -7 + -9 + (-24 - (-52 - -8))?
4
What is -6 + 115 + -8 - (-253 + 259)?
95
Evaluate -2 + (11 - 7 - (-8 - 2 - -3)) - -72.
81
(1228 + -1274 - (0 + -8)) + (7 - -1)
-30
What is (8 + (-1 - -1) - (123 + -70)) + 8?
-37
Evaluate (86 - 126) + 17 + 7.
-16
What is the value of -87 + -21 + (-28 - -44)?
-92
(1 - 21) + -1232 + 1284
32
What is the value of 1 - (79 - -3) - (60 - 84)?
-57
Evaluate -7151 - -7060 - (-109 - -2).
16
Evaluate (-54 - (28 + -62)) + -3 + 54.
31
-6 - -19 - -7 - (-280 - -281)
19
Evaluate (-3 - -3 - (-8 - -26) - -14) + 32.
28
What is the value of -17 - (-1 - (17 - 47